
Suppose 1904338 = 25*v - 1754087. Is v a composite number?
True
Let l = 87 - 88. Is ((-12)/(-20) + 209748/(-30))/l composite?
False
Suppose 4*k + 888 = 14220. Suppose 2*f - 5*f - 5964 = 0. Let b = f + k. Is b prime?
False
Let d(l) = 288*l**2 + 15*l - 385. Is d(14) composite?
True
Is (-150688)/(-3) + 29 + 2788/(-102) prime?
True
Suppose -5*u + 31 = -d, 5*u + 0*u = -4*d + 51. Let y(w) = -94*w + 56. Let p(a) = 92*a - 55. Let h(n) = u*p(n) + 6*y(n). Is h(15) a prime number?
True
Let i be (-6 - 4) + 7 - 6348/2. Let n = 5602 + i. Suppose 4835 = 2*f - z, 2*z = f - 2*f + n. Is f prime?
False
Suppose -41*h = 24*h - 101*h + 3238236. Is h a prime number?
False
Suppose -v + 337 = -34. Suppose 2*m + v = 6*m - 5*r, 3*m - 3*r = 276. Is m prime?
True
Let y = 3 - 1. Let i be ((-3)/6)/(y/4) + -3. Is ((-44)/(-8))/(i/(-472)) a prime number?
False
Let m = -85 - -87. Suppose m*o = 11*o - 45. Suppose -o*i + 5*q + 11175 = 0, 0*i + 3*q = -4*i + 8954. Is i a prime number?
True
Let l be 8/6*(-340659)/(-11). Suppose 2*d + 5*r + 8613 - 29244 = 0, 4*d + 4*r - l = 0. Suppose -9*k - d = -17*k. Is k composite?
False
Suppose -2*l + 16 = 4*g, l + 5 = 3*g - l. Suppose 0 = 4*a + g*s - 13490, 5*a - 16857 = -12*s + 11*s. Is a a composite number?
False
Let k(v) = 40*v**3 + v**2 + 7*v + 5. Let x(t) = -160*t**3 - 4*t**2 - 28*t - 20. Let s(c) = -9*k(c) - 2*x(c). Is s(-6) a composite number?
False
Let m(h) = 9*h**2 - 257*h + 65. Is m(35) a composite number?
True
Suppose 0 = -18*n + 167914 + 33344. Is n a prime number?
False
Suppose 8*o - 5*u + 508856 = 9*o, 19*o = u + 9667976. Is o a prime number?
True
Let z = 320676 - 140047. Is z a composite number?
False
Let q(c) be the second derivative of -209*c**5/20 - 11*c**4/12 - 11*c**3/6 + c**2 + 193*c. Is q(-3) a prime number?
False
Let v = -25 + 30. Suppose 0 = v*n + 3 + 2. Is (-3 + 3)*n - 2 - -12 composite?
True
Let t be 29600/12*(-18)/(-4). Let o = t + -5140. Let y = 9415 - o. Is y a prime number?
False
Let k(w) = 2*w**2 + 17*w - 6. Let q be k(-9). Let m be (0 - (-19 + 1))*(-334)/q. Let t = -1033 - m. Is t a composite number?
False
Let u be -3 - (-4)/(-6)*(-5742)/3. Let f = -956 + 1576. Let r = u - f. Is r prime?
True
Let q(j) be the second derivative of -159*j**5/10 - j**4/6 + j**3/3 + j**2/2 + 2*j - 7. Is q(-2) prime?
False
Let g = -93 - -94. Is 2 + 3/9*g*10041 prime?
False
Let q be 6/(-4)*((-32)/(-6))/(-1). Let m be -2 + q/(-12)*-6 - 4. Is (-106 + 9)/(m/4) composite?
True
Let s(k) = -2*k**3 + 5*k**2 + k + 4. Let h = -26 + 29. Let l be s(h). Is 4 - (-848 + -3 - l) a composite number?
False
Let g(f) = -5490*f + 4579. Is g(-63) composite?
True
Let i(j) = -2*j + 33. Let s be i(15). Suppose 2*a + 4*q = 13666, -q - s = 2*q. Is a a prime number?
False
Suppose 5*b + 3*m = -2*m + 475, b - 93 = -3*m. Let i = 323 + b. Is i prime?
True
Let n(w) = w - 5. Let x be n(7). Suppose -43*g + x*b = -40*g - 4003, 3*b + 3999 = 3*g. Is g composite?
True
Suppose -1272 - 1638 = -30*q. Is q a composite number?
False
Suppose 5*h + 125681 - 1556722 = 4*d, 0 = 5*h + d - 1431021. Is h prime?
False
Let k = 23988 + -5707. Is k composite?
True
Suppose -30584 = -4*o - 2036. Suppose -5*n + 3*w + o = 0, w - 1423 = -n + 6*w. Let g = n - 169. Is g a prime number?
True
Let u(m) = m**3 - 2*m. Let r be u(2). Suppose 974 = -r*f + 3342. Let l = f + -119. Is l prime?
False
Let a be 17/(-1)*(19 + -13)*-1. Is a/(-663) - 22598/(-26) a composite number?
True
Let f = 113 - 108. Suppose o = 4*o + f*d - 446, -5*d + 5 = 0. Suppose 5*s = -5*n + 1275, 5*s - o = -n + 100. Is n composite?
False
Let z be 1 - 0/5*(-2)/6. Let j be -3 + -8 + 20 + (-1 - z). Let l(g) = 4*g - 9. Is l(j) composite?
False
Suppose 6*h + y + 46 = 3*h, -3*h = -y + 44. Is h/(-3) + -2 + 2 + 2892 prime?
True
Let r(d) = -d**3 - 21*d**2 + 20*d - 29. Let o be r(-22). Suppose -o = -4*w + 1. Suppose -15*c + w*c = -75713. Is c prime?
True
Let r = 2057 - 7052. Let z = -3297 - r. Suppose 5*u = 1747 + z. Is u a composite number?
True
Suppose 2*l - 13 = 5*a, a - 2*l + 11 = 2. Let m(v) = -146*v**3 - v**2 - 8*v - 8. Is m(a) a prime number?
False
Suppose 10*i - 36 = 4. Suppose -2*b + 66 + 307 = f, -i*b - 1907 = -5*f. Is f prime?
True
Let v = -36537 - -87746. Is v a composite number?
True
Let n(z) = 131*z + 4. Let g be n(6). Let m = 18524 - 18311. Let i = g + m. Is i prime?
False
Let v = 438 - 291. Is 245/v - 5437/(-3) a composite number?
True
Let u(s) = 501*s**3 + 5*s**2 + 50*s - 151. Is u(3) a composite number?
True
Let j(l) = -11*l - 70*l - 1 - 49*l - 185*l. Is j(-4) a composite number?
False
Let x(w) = -w**2. Let n(h) = 17*h**2 - h + 13. Let d(l) = n(l) + 3*x(l). Suppose -2*k = -10 - 2. Is d(k) composite?
True
Let s = 14731 - 3725. Let c = 438 + s. Is (3/(6/c))/(-2 + 4) prime?
True
Suppose 5*j - 108 + 28 = 0. Let m(x) = 20*x - j - 4*x + x + 7. Is m(10) prime?
False
Let h(y) = 63*y**2 + 5*y - 6. Let g(a) = a**2 - 6*a - 14. Let k be g(7). Let m be h(k). Suppose -2*s = s - 4*o - 1821, -5*s + 3*o = -m. Is s composite?
True
Let w = -40 + -129. Let x = w + 80. Is 5/(-10)*2*x prime?
True
Let c(w) = w**3 - w. Let j(d) = 36*d**3 + 3*d**2 + 5. Let t(x) = 3*c(x) + j(x). Let f be t(2). Suppose 2*q + f = z + 1098, -q + 374 = -5*z. Is q prime?
True
Let r(s) be the second derivative of 41/2*s**2 - 4/3*s**4 + 0 + 9*s - 5/6*s**3 + 1/20*s**5. Is r(20) a composite number?
True
Let a(q) = -q**2 + 10*q - 21. Let b be a(6). Suppose -1705 = -u - 8440. Is ((-7)/35)/(b/u) composite?
False
Suppose 9*a = 20 - 2. Is ((-11885)/a)/((-168)/(-16) + -11) composite?
True
Suppose 0 = -4*z + 5*d - 1, -2*z + 3*d - 6*d + 27 = 0. Suppose -5*l - 1336 = -k, -z*k + 4*k = 3*l - 2737. Is k prime?
True
Let n = 25 - 24. Let g = 104 + -101. Is n*3 - (-142 - g - -6) a prime number?
False
Suppose 18*u = 15*u + 24. Let f be 165/44 - (1 - 10/u). Suppose -26 = -4*g - 6, 0 = 4*h + f*g - 856. Is h a composite number?
True
Suppose -9*c - 237*c = -221156214. Is c a prime number?
True
Suppose 5 = -r, -4*o = r + 238 - 17685. Suppose -3*y + 3957 = 3*s - 390, 3*y = 5*s + o. Is y a prime number?
True
Is 1/(-12) - ((4539789/(-108) - 10) + 2) prime?
True
Is (18*-10)/(-10) - -397423 a prime number?
False
Let x = 1734403 + -1188677. Is x a composite number?
True
Let u be 13626/(-10) + -15*7/(-175). Let d = u - -2513. Is d composite?
False
Suppose -3*c = 5*z + 57726, -95069 + 37364 = 3*c - 2*z. Let t = 31736 + c. Is t composite?
True
Let h be 1*(-2 - -4 - -2215). Suppose 6*w = 3*w + h. Let o = w + -358. Is o a prime number?
False
Let h(i) = -i**2 + i. Let s be h(-3). Let b(y) = -426 - 12*y - 301 + 708 + y**2. Is b(s) composite?
False
Is (((-3)/2)/(15 + -12))/(1/(-711794)) a prime number?
False
Is 5452832/20 - (564/(-60) + 10) a prime number?
False
Suppose 0 = -9*x - 7*x + 39120. Suppose 3*o + 2*o = 5*b + x, -2*b = o - 501. Is o composite?
True
Suppose 18 = -3*z - 171. Let k = 21 + z. Let x = k - -559. Is x prime?
False
Suppose 0 = 5*g - 93 - 67. Let j = 30 - g. Is j/3 - 0 - (-2338)/6 a composite number?
False
Let f = -154 - -154. Suppose f = -2*t + 3234 + 2428. Is t prime?
False
Suppose -2*q - 4*j + 81202 = 0, 4*q + 128*j - 162440 = 129*j. Is q a composite number?
False
Suppose 306*g - 13906825 - 8475787 + 1420694 = 0. Is g composite?
True
Let a be 44/(-5) + 14/(-70). Let y be -1341*(-1*(-21)/a - -3). Let j = y + 1615. Is j prime?
False
Suppose 0*l + 2*l = 3*c - 1240, 2*c + l = 822. Let s = c - 173. Is s composite?
False
Suppose 0 = 12*q - 7*q - 7255. Suppose -3*n + 2*n = -q. Let r = n + -666. Is r composite?
True
Let t(n) = n + 97. Let u be t(-49). Is (-8)/u - (-216258)/36 a composite number?
False
Let b = -43 + 42. Let i be (1/b - 7)/(-1). Is -3 + 4*3812/i prime?
False
Let r = 208 + -212. Let y(c) = c**3 + 5*c**2 - 2*c - 11. Is y(r) composite?
False
Let a be -2 + 2103666/42 - 14/49. Let f = -27656 + a. Is f a composite number?
True
Let v(l) = 249*l**3 + 11*l**2 - 26*l + 5. Let i be -6 + (-324)/(-180)*(1 - -4). Is v(i) a composite number?
True
Suppose -7*c + l + 149350 = -6*c, -l + 149352 = c. Is c composite?
False
Suppose -4*b - 5*q - 42 = -2*b, -3*q + 10 = -b. Is 3/2 - 127624/b composite?
True
Let u = 237940 - 124461. Is u composite?
True
Let t(a) = a**2 - 3*a - 14. Let o be t(6). Suppose -o*x = 3303 - 291. Let s = -530 - x. Is s composite?
False
Let q(o) = 60*o**2 + o + 4. Let c(m) = m**3